{"id":1288,"date":"2026-03-27T17:27:36","date_gmt":"2026-03-27T17:27:36","guid":{"rendered":"https:\/\/ikawoman-hurt.pl\/?post_type=product&#038;p=1288"},"modified":"2026-03-31T12:14:44","modified_gmt":"2026-03-31T12:14:44","slug":"kurtka-damska-bomberka-karo-bezowa","status":"publish","type":"product","link":"https:\/\/ikawoman-hurt.pl\/?product=kurtka-damska-bomberka-karo-bezowa","title":{"rendered":"Kurtka damska bomberka KARO Be\u017cowa"},"content":{"rendered":"<p style=\"text-align: center;\">Kurtka bomberka KARO<br \/>\n&#8211; kurtka odpinana na zamek od g\u00f3ry i od do\u0142u<br \/>\n&#8211; fason bomberki<br \/>\n&#8211; elastyczne wyko\u0144czenia<br \/>\n&#8211; r\u0119kaw zako\u0144czony mankietem<\/p>\n<p style=\"text-align: center;\">Sk\u0142ad:<br \/>\n100% Modal<\/p>\n","protected":false},"excerpt":{"rendered":"<p>Kurtka bomberka KARO &#8211; kurtka odpinana na zamek od g\u00f3ry i od do\u0142u &#8211; fason bomberki &#8211; elastyczne wyko\u0144czenia &#8211; r\u0119kaw zako\u0144czony mankietem Sk\u0142ad: 100% Modal<\/p>\n","protected":false},"featured_media":1290,"template":"","meta":[],"product_brand":[],"product_cat":[54,48],"product_tag":[],"class_list":{"0":"post-1288","1":"product","2":"type-product","3":"status-publish","4":"has-post-thumbnail","6":"product_cat-odziez-wierzchnia","7":"product_cat-wszystkie-produkty","9":"first","10":"instock","11":"shipping-taxable","12":"purchasable","13":"product-type-variable","14":"has-default-attributes"},"_links":{"self":[{"href":"https:\/\/ikawoman-hurt.pl\/index.php?rest_route=\/wp\/v2\/product\/1288","targetHints":{"allow":["GET"]}}],"collection":[{"href":"https:\/\/ikawoman-hurt.pl\/index.php?rest_route=\/wp\/v2\/product"}],"about":[{"href":"https:\/\/ikawoman-hurt.pl\/index.php?rest_route=\/wp\/v2\/types\/product"}],"wp:featuredmedia":[{"embeddable":true,"href":"https:\/\/ikawoman-hurt.pl\/index.php?rest_route=\/wp\/v2\/media\/1290"}],"wp:attachment":[{"href":"https:\/\/ikawoman-hurt.pl\/index.php?rest_route=%2Fwp%2Fv2%2Fmedia&parent=1288"}],"wp:term":[{"taxonomy":"product_brand","embeddable":true,"href":"https:\/\/ikawoman-hurt.pl\/index.php?rest_route=%2Fwp%2Fv2%2Fproduct_brand&post=1288"},{"taxonomy":"product_cat","embeddable":true,"href":"https:\/\/ikawoman-hurt.pl\/index.php?rest_route=%2Fwp%2Fv2%2Fproduct_cat&post=1288"},{"taxonomy":"product_tag","embeddable":true,"href":"https:\/\/ikawoman-hurt.pl\/index.php?rest_route=%2Fwp%2Fv2%2Fproduct_tag&post=1288"}],"curies":[{"name":"wp","href":"https:\/\/api.w.org\/{rel}","templated":true}]}}